{"id":52,"date":"2023-03-10T14:54:23","date_gmt":"2023-03-10T13:54:23","guid":{"rendered":"https:\/\/strom-peter.de\/?page_id=52"},"modified":"2023-11-16T13:59:12","modified_gmt":"2023-11-16T12:59:12","slug":"solarsteckdose-2022","status":"publish","type":"page","link":"https:\/\/strom-peter.de\/?page_id=52","title":{"rendered":"Solarsteckdose 2022"},"content":{"rendered":"\n<p><a href=\"https:\/\/www.instagram.com\/solarsteckdose\/\">solarsteckdose auf insta<\/a><\/p>\n\n\n\n<figure class=\"wp-block-image size-large\"><img fetchpriority=\"high\" decoding=\"async\" width=\"1024\" height=\"461\" src=\"https:\/\/strom-peter.de\/wp-content\/uploads\/2023\/03\/Solarsteckdose.resized-1024x461.jpg\" alt=\"\" class=\"wp-image-50\" srcset=\"https:\/\/strom-peter.de\/wp-content\/uploads\/2023\/03\/Solarsteckdose.resized-1024x461.jpg 1024w, https:\/\/strom-peter.de\/wp-content\/uploads\/2023\/03\/Solarsteckdose.resized-300x135.jpg 300w, https:\/\/strom-peter.de\/wp-content\/uploads\/2023\/03\/Solarsteckdose.resized-768x346.jpg 768w, https:\/\/strom-peter.de\/wp-content\/uploads\/2023\/03\/Solarsteckdose.resized.jpg 1280w\" sizes=\"(max-width: 1024px) 100vw, 1024px\" \/><\/figure>\n\n\n\n<p class=\"has-large-font-size\">Eine modular-mobile-PV-Anlage <br>f\u00fcr sch\u00f6ne Drau\u00dfenveranstaltungen z.B.:<\/p>\n\n\n\n<p class=\"has-small-font-size\">6kWp PV-Module, 21 kW Wechselrichterleistung, 32A CEE-Steckdose, 40kWh Speicher, <br>7 Tage \/ 86 kWh<\/p>\n\n\n\n<figure class=\"wp-block-image size-full is-resized\"><img decoding=\"async\" width=\"870\" height=\"156\" src=\"https:\/\/strom-peter.de\/wp-content\/uploads\/2023\/03\/HEDO_2022_Module_Auto_Sonnensegel.resized-e1678303188478.jpg\" alt=\"\" class=\"wp-image-54\" style=\"width:943px;height:169px\" srcset=\"https:\/\/strom-peter.de\/wp-content\/uploads\/2023\/03\/HEDO_2022_Module_Auto_Sonnensegel.resized-e1678303188478.jpg 870w, https:\/\/strom-peter.de\/wp-content\/uploads\/2023\/03\/HEDO_2022_Module_Auto_Sonnensegel.resized-e1678303188478-300x54.jpg 300w, https:\/\/strom-peter.de\/wp-content\/uploads\/2023\/03\/HEDO_2022_Module_Auto_Sonnensegel.resized-e1678303188478-768x138.jpg 768w\" sizes=\"(max-width: 870px) 100vw, 870px\" \/><\/figure>\n\n\n\n<figure class=\"wp-block-image size-large\"><img decoding=\"async\" width=\"1024\" height=\"356\" src=\"https:\/\/strom-peter.de\/wp-content\/uploads\/2023\/03\/Lastgang_hedo_2022-1024x356.jpg\" alt=\"\" class=\"wp-image-57\" srcset=\"https:\/\/strom-peter.de\/wp-content\/uploads\/2023\/03\/Lastgang_hedo_2022-1024x356.jpg 1024w, https:\/\/strom-peter.de\/wp-content\/uploads\/2023\/03\/Lastgang_hedo_2022-300x104.jpg 300w, https:\/\/strom-peter.de\/wp-content\/uploads\/2023\/03\/Lastgang_hedo_2022-768x267.jpg 768w, https:\/\/strom-peter.de\/wp-content\/uploads\/2023\/03\/Lastgang_hedo_2022.jpg 1203w\" sizes=\"(max-width: 1024px) 100vw, 1024px\" \/><\/figure>\n\n\n\n<p><\/p>\n\n\n\n<p><\/p>\n\n\n\n<p class=\"has-large-font-size\">&#8230;der Widerstands-Party in Gorleben 2022<\/p>\n\n\n\n<p class=\"has-small-font-size\">4kWp PV-Module, 21 kW Wechselrichterleistung, 32A CEE-Steckdose, 40kWh Speicher, <br>und 12V Solarsound mit 10 kWh Speicher von www.gruener-bereich.net<\/p>\n\n\n\n<figure class=\"wp-block-gallery has-nested-images columns-default is-cropped wp-block-gallery-1 is-layout-flex wp-block-gallery-is-layout-flex\">\n<figure class=\"wp-block-image size-full\"><img loading=\"lazy\" decoding=\"async\" width=\"862\" height=\"391\" data-id=\"58\" src=\"https:\/\/strom-peter.de\/wp-content\/uploads\/2023\/03\/Gorleben_2022_Buehne_Licht.resized-e1678439187740.jpg\" alt=\"\" class=\"wp-image-58\" srcset=\"https:\/\/strom-peter.de\/wp-content\/uploads\/2023\/03\/Gorleben_2022_Buehne_Licht.resized-e1678439187740.jpg 862w, https:\/\/strom-peter.de\/wp-content\/uploads\/2023\/03\/Gorleben_2022_Buehne_Licht.resized-e1678439187740-300x136.jpg 300w, https:\/\/strom-peter.de\/wp-content\/uploads\/2023\/03\/Gorleben_2022_Buehne_Licht.resized-e1678439187740-768x348.jpg 768w\" sizes=\"(max-width: 862px) 100vw, 862px\" \/><\/figure>\n<\/figure>\n\n\n\n<figure class=\"wp-block-image size-full\"><img loading=\"lazy\" decoding=\"async\" width=\"1024\" height=\"768\" src=\"https:\/\/strom-peter.de\/wp-content\/uploads\/2023\/03\/Gorleben_2022_Module_Auto_vorBuehne.resized.jpg\" alt=\"\" class=\"wp-image-60\" srcset=\"https:\/\/strom-peter.de\/wp-content\/uploads\/2023\/03\/Gorleben_2022_Module_Auto_vorBuehne.resized.jpg 1024w, https:\/\/strom-peter.de\/wp-content\/uploads\/2023\/03\/Gorleben_2022_Module_Auto_vorBuehne.resized-300x225.jpg 300w, https:\/\/strom-peter.de\/wp-content\/uploads\/2023\/03\/Gorleben_2022_Module_Auto_vorBuehne.resized-768x576.jpg 768w\" sizes=\"(max-width: 1024px) 100vw, 1024px\" \/><\/figure>\n\n\n\n<figure class=\"wp-block-image alignleft size-full is-resized\"><img loading=\"lazy\" decoding=\"async\" width=\"1024\" height=\"768\" src=\"https:\/\/strom-peter.de\/wp-content\/uploads\/2023\/03\/Gorleben_2022_Modulstaender.resized.jpg\" alt=\"\" class=\"wp-image-61\" style=\"width:546px;height:410px\" srcset=\"https:\/\/strom-peter.de\/wp-content\/uploads\/2023\/03\/Gorleben_2022_Modulstaender.resized.jpg 1024w, https:\/\/strom-peter.de\/wp-content\/uploads\/2023\/03\/Gorleben_2022_Modulstaender.resized-300x225.jpg 300w, https:\/\/strom-peter.de\/wp-content\/uploads\/2023\/03\/Gorleben_2022_Modulstaender.resized-768x576.jpg 768w\" sizes=\"(max-width: 1024px) 100vw, 1024px\" \/><\/figure>\n\n\n\n<figure class=\"wp-block-image size-full is-resized\"><img loading=\"lazy\" decoding=\"async\" width=\"576\" height=\"768\" src=\"https:\/\/strom-peter.de\/wp-content\/uploads\/2023\/03\/Gorleben_2022_TechnikModul.resized.jpg\" alt=\"\" class=\"wp-image-62\" style=\"width:324px;height:415px\" srcset=\"https:\/\/strom-peter.de\/wp-content\/uploads\/2023\/03\/Gorleben_2022_TechnikModul.resized.jpg 576w, https:\/\/strom-peter.de\/wp-content\/uploads\/2023\/03\/Gorleben_2022_TechnikModul.resized-225x300.jpg 225w\" sizes=\"(max-width: 576px) 100vw, 576px\" \/><\/figure>\n\n\n\n<p class=\"has-text-align-left has-large-font-size\">&#8230;beim Zirkuscamp der Himmelsl\u00e4ufer<\/p>\n\n\n\n<p class=\"has-small-font-size\">2,4kWp PV-Module, 10 kW Wechselrichter, 16A CEE-Steckdose, 40kWh Speicher<br>3 Tage \/ 27 kWh<\/p>\n\n\n\n<figure class=\"wp-block-image size-full\"><img loading=\"lazy\" decoding=\"async\" width=\"1024\" height=\"461\" src=\"https:\/\/strom-peter.de\/wp-content\/uploads\/2023\/03\/Zirkus_Himmelslaeufer_Zelt_Leute.resized.jpg\" alt=\"\" class=\"wp-image-66\" srcset=\"https:\/\/strom-peter.de\/wp-content\/uploads\/2023\/03\/Zirkus_Himmelslaeufer_Zelt_Leute.resized.jpg 1024w, https:\/\/strom-peter.de\/wp-content\/uploads\/2023\/03\/Zirkus_Himmelslaeufer_Zelt_Leute.resized-300x135.jpg 300w, https:\/\/strom-peter.de\/wp-content\/uploads\/2023\/03\/Zirkus_Himmelslaeufer_Zelt_Leute.resized-768x346.jpg 768w\" sizes=\"(max-width: 1024px) 100vw, 1024px\" \/><\/figure>\n\n\n\n<figure class=\"wp-block-image size-full\"><img loading=\"lazy\" decoding=\"async\" width=\"1024\" height=\"295\" src=\"https:\/\/strom-peter.de\/wp-content\/uploads\/2023\/03\/Lastgang_Zirkus_2022.resized.jpg\" alt=\"\" class=\"wp-image-72\" srcset=\"https:\/\/strom-peter.de\/wp-content\/uploads\/2023\/03\/Lastgang_Zirkus_2022.resized.jpg 1024w, https:\/\/strom-peter.de\/wp-content\/uploads\/2023\/03\/Lastgang_Zirkus_2022.resized-300x86.jpg 300w, https:\/\/strom-peter.de\/wp-content\/uploads\/2023\/03\/Lastgang_Zirkus_2022.resized-768x221.jpg 768w\" sizes=\"(max-width: 1024px) 100vw, 1024px\" \/><\/figure>\n\n\n\n<figure class=\"wp-block-image size-full\"><img decoding=\"async\" src=\"https:\/\/strom-peter.de\/wp-content\/uploads\/2023\/03\/Zirkus_Himmelslaeufer_Auto_Module2022.resized.jpg\" alt=\"\" class=\"wp-image-67\"\/><\/figure>\n\n\n\n<p class=\"has-large-font-size\">&#8230;HintermKnick<\/p>\n\n\n\n<p class=\"has-small-font-size\">4kWp PV-Module, 10 kW Wechselrichter, 16A CEE-Steckdose, 40kWh Speicher<br>3 Tage \/ 28 kWh<\/p>\n\n\n\n<figure class=\"wp-block-image size-full\"><img decoding=\"async\" src=\"https:\/\/strom-peter.de\/wp-content\/uploads\/2023\/03\/Hintermknick_alles.resized.jpg\" alt=\"\" class=\"wp-image-68\"\/><\/figure>\n\n\n\n<figure class=\"wp-block-gallery has-nested-images columns-default is-cropped wp-block-gallery-2 is-layout-flex wp-block-gallery-is-layout-flex\">\n<figure class=\"wp-block-image size-large\"><img loading=\"lazy\" decoding=\"async\" width=\"1024\" height=\"449\" data-id=\"73\" src=\"https:\/\/strom-peter.de\/wp-content\/uploads\/2023\/03\/Lastgang_Hintrknick_2022.resized.jpg\" alt=\"\" class=\"wp-image-73\" srcset=\"https:\/\/strom-peter.de\/wp-content\/uploads\/2023\/03\/Lastgang_Hintrknick_2022.resized.jpg 1024w, https:\/\/strom-peter.de\/wp-content\/uploads\/2023\/03\/Lastgang_Hintrknick_2022.resized-300x132.jpg 300w, https:\/\/strom-peter.de\/wp-content\/uploads\/2023\/03\/Lastgang_Hintrknick_2022.resized-768x337.jpg 768w\" sizes=\"(max-width: 1024px) 100vw, 1024px\" \/><\/figure>\n<\/figure>\n\n\n\n<figure class=\"wp-block-image size-full is-resized\"><img loading=\"lazy\" decoding=\"async\" width=\"742\" height=\"363\" src=\"https:\/\/strom-peter.de\/wp-content\/uploads\/2023\/03\/Hintermknick_DJ.resized-e1678455305899.jpg\" alt=\"\" class=\"wp-image-74\" style=\"width:767px;height:375px\" srcset=\"https:\/\/strom-peter.de\/wp-content\/uploads\/2023\/03\/Hintermknick_DJ.resized-e1678455305899.jpg 742w, https:\/\/strom-peter.de\/wp-content\/uploads\/2023\/03\/Hintermknick_DJ.resized-e1678455305899-300x147.jpg 300w\" sizes=\"(max-width: 742px) 100vw, 742px\" \/><\/figure>\n\n\n\n<p class=\"has-large-font-size\">&#8230; und beim Swamp! Festival 2022<\/p>\n\n\n\n<p class=\"has-small-font-size\">5kWp PV-Module, 10 kW Wechselrichter, 16A CEE-Steckdose, 40kWh Speicher, 1 Tag \/ 17 kWh<br>4,5kWp PV-Module, 7 kW Wechselrichter, 2x Schuko 16A, 16kWh Speicher, 1 Tag \/ 12 kwh<\/p>\n\n\n\n<figure class=\"wp-block-image size-full\"><img loading=\"lazy\" decoding=\"async\" width=\"1024\" height=\"290\" src=\"https:\/\/strom-peter.de\/wp-content\/uploads\/2023\/03\/SWAMP2022_Lastgang_L1L2L3.resized.jpg\" alt=\"\" class=\"wp-image-82\" srcset=\"https:\/\/strom-peter.de\/wp-content\/uploads\/2023\/03\/SWAMP2022_Lastgang_L1L2L3.resized.jpg 1024w, https:\/\/strom-peter.de\/wp-content\/uploads\/2023\/03\/SWAMP2022_Lastgang_L1L2L3.resized-300x85.jpg 300w, https:\/\/strom-peter.de\/wp-content\/uploads\/2023\/03\/SWAMP2022_Lastgang_L1L2L3.resized-768x218.jpg 768w\" sizes=\"(max-width: 1024px) 100vw, 1024px\" \/><figcaption class=\"wp-element-caption\">Lastgang B\u00fchne<\/figcaption><\/figure>\n\n\n\n<figure class=\"wp-block-image size-full\"><img loading=\"lazy\" decoding=\"async\" width=\"983\" height=\"435\" src=\"https:\/\/strom-peter.de\/wp-content\/uploads\/2023\/03\/SWAMP_2022_Module_Sportplatz.resized-e1678456140972.jpg\" alt=\"\" class=\"wp-image-78\" srcset=\"https:\/\/strom-peter.de\/wp-content\/uploads\/2023\/03\/SWAMP_2022_Module_Sportplatz.resized-e1678456140972.jpg 983w, https:\/\/strom-peter.de\/wp-content\/uploads\/2023\/03\/SWAMP_2022_Module_Sportplatz.resized-e1678456140972-300x133.jpg 300w, https:\/\/strom-peter.de\/wp-content\/uploads\/2023\/03\/SWAMP_2022_Module_Sportplatz.resized-e1678456140972-768x340.jpg 768w\" sizes=\"(max-width: 983px) 100vw, 983px\" \/><\/figure>\n\n\n\n<figure class=\"wp-block-image size-full is-resized\"><img loading=\"lazy\" decoding=\"async\" width=\"1024\" height=\"768\" src=\"https:\/\/strom-peter.de\/wp-content\/uploads\/2023\/03\/SWMP_e-floor.resized.jpg\" alt=\"\" class=\"wp-image-75\" style=\"width:940px;height:703px\" srcset=\"https:\/\/strom-peter.de\/wp-content\/uploads\/2023\/03\/SWMP_e-floor.resized.jpg 1024w, https:\/\/strom-peter.de\/wp-content\/uploads\/2023\/03\/SWMP_e-floor.resized-300x225.jpg 300w, https:\/\/strom-peter.de\/wp-content\/uploads\/2023\/03\/SWMP_e-floor.resized-768x576.jpg 768w\" sizes=\"(max-width: 1024px) 100vw, 1024px\" \/><\/figure>\n\n\n\n<figure class=\"wp-block-image size-full\"><img loading=\"lazy\" decoding=\"async\" width=\"1024\" height=\"768\" src=\"https:\/\/strom-peter.de\/wp-content\/uploads\/2023\/03\/SWAMP_2022_Buehne.resized.jpg\" alt=\"\" class=\"wp-image-80\" srcset=\"https:\/\/strom-peter.de\/wp-content\/uploads\/2023\/03\/SWAMP_2022_Buehne.resized.jpg 1024w, https:\/\/strom-peter.de\/wp-content\/uploads\/2023\/03\/SWAMP_2022_Buehne.resized-300x225.jpg 300w, https:\/\/strom-peter.de\/wp-content\/uploads\/2023\/03\/SWAMP_2022_Buehne.resized-768x576.jpg 768w\" sizes=\"(max-width: 1024px) 100vw, 1024px\" \/><\/figure>\n","protected":false},"excerpt":{"rendered":"<p>solarsteckdose auf insta Eine modular-mobile-PV-Anlage f\u00fcr sch\u00f6ne Drau\u00dfenveranstaltungen z.B.: 6kWp PV-Module, 21 kW Wechselrichterleistung, 32A CEE-Steckdose, 40kWh Speicher, 7 Tage [&hellip;]<\/p>\n","protected":false},"author":1,"featured_media":0,"parent":0,"menu_order":0,"comment_status":"closed","ping_status":"closed","template":"","meta":{"site-sidebar-layout":"default","site-content-layout":"","ast-site-content-layout":"default","site-content-style":"default","site-sidebar-style":"default","ast-global-header-display":"","ast-banner-title-visibility":"","ast-main-header-display":"","ast-hfb-above-header-display":"","ast-hfb-below-header-display":"","ast-hfb-mobile-header-display":"","site-post-title":"","ast-breadcrumbs-content":"","ast-featured-img":"","footer-sml-layout":"","ast-disable-related-posts":"","theme-transparent-header-meta":"","adv-header-id-meta":"","stick-header-meta":"","header-above-stick-meta":"","header-main-stick-meta":"","header-below-stick-meta":"","astra-migrate-meta-layouts":"default","ast-page-background-enabled":"default","ast-page-background-meta":{"desktop":{"background-color":"var(--ast-global-color-4)","background-image":"","background-repeat":"repeat","background-position":"center center","background-size":"auto","background-attachment":"scroll","background-type":"","background-media":"","overlay-type":"","overlay-color":"","overlay-opacity":"","overlay-gradient":""},"tablet":{"background-color":"","background-image":"","background-repeat":"repeat","background-position":"center center","background-size":"auto","background-attachment":"scroll","background-type":"","background-media":"","overlay-type":"","overlay-color":"","overlay-opacity":"","overlay-gradient":""},"mobile":{"background-color":"","background-image":"","background-repeat":"repeat","background-position":"center center","background-size":"auto","background-attachment":"scroll","background-type":"","background-media":"","overlay-type":"","overlay-color":"","overlay-opacity":"","overlay-gradient":""}},"ast-content-background-meta":{"desktop":{"background-color":"var(--ast-global-color-5)","background-image":"","background-repeat":"repeat","background-position":"center center","background-size":"auto","background-attachment":"scroll","background-type":"","background-media":"","overlay-type":"","overlay-color":"","overlay-opacity":"","overlay-gradient":""},"tablet":{"background-color":"var(--ast-global-color-5)","background-image":"","background-repeat":"repeat","background-position":"center center","background-size":"auto","background-attachment":"scroll","background-type":"","background-media":"","overlay-type":"","overlay-color":"","overlay-opacity":"","overlay-gradient":""},"mobile":{"background-color":"var(--ast-global-color-5)","background-image":"","background-repeat":"repeat","background-position":"center center","background-size":"auto","background-attachment":"scroll","background-type":"","background-media":"","overlay-type":"","overlay-color":"","overlay-opacity":"","overlay-gradient":""}},"footnotes":""},"class_list":["post-52","page","type-page","status-publish","hentry"],"_links":{"self":[{"href":"https:\/\/strom-peter.de\/index.php?rest_route=\/wp\/v2\/pages\/52","targetHints":{"allow":["GET"]}}],"collection":[{"href":"https:\/\/strom-peter.de\/index.php?rest_route=\/wp\/v2\/pages"}],"about":[{"href":"https:\/\/strom-peter.de\/index.php?rest_route=\/wp\/v2\/types\/page"}],"author":[{"embeddable":true,"href":"https:\/\/strom-peter.de\/index.php?rest_route=\/wp\/v2\/users\/1"}],"replies":[{"embeddable":true,"href":"https:\/\/strom-peter.de\/index.php?rest_route=%2Fwp%2Fv2%2Fcomments&post=52"}],"version-history":[{"count":17,"href":"https:\/\/strom-peter.de\/index.php?rest_route=\/wp\/v2\/pages\/52\/revisions"}],"predecessor-version":[{"id":106,"href":"https:\/\/strom-peter.de\/index.php?rest_route=\/wp\/v2\/pages\/52\/revisions\/106"}],"wp:attachment":[{"href":"https:\/\/strom-peter.de\/index.php?rest_route=%2Fwp%2Fv2%2Fmedia&parent=52"}],"curies":[{"name":"wp","href":"https:\/\/api.w.org\/{rel}","templated":true}]}}